0 + 2/(-1 - -2). What is the units digit of 11/c - 1/2?
5
Let m = 11 + 27. What is the tens digit of m?
3
What is the units digit of (-20033)/(-253) - (-2)/(-11)?
9
Let w(d) = 5*d**3 - 2. Let s be w(-2). What is the units digit of 24/s*(-14)/4?
2
Suppose 0 = a - 0*a + 13. Let v = -19 + 11. Let i = v - a. What is the units digit of i?
5
Suppose 0 = 5*x - 923 - 312. What is the hundreds digit of x?
2
Let o(l) = l + 16. What is the units digit of o(-12)?
4
Suppose 3*q - 108 = -0*q. Suppose 0 = -4*p - 5*h + 36, p + 3*p + h - q = 0. What is the units digit of p?
9
Let c(g) be the third derivative of g**6/120 + 7*g**5/60 + g**4/6 + 3*g**3/2 + 7*g**2. What is the units digit of c(-6)?
1
Suppose -9 = -0*r - r. What is the units digit of r?
9
Let f(i) = -i**2 - 23*i + 23. What is the tens digit of f(-18)?
1
What is the tens digit of ((-72)/(11 - 5))/((-1)/2)?
2
Suppose -2*g - g + 405 = 0. What is the tens digit of g?
3
Suppose 29 + 63 = 4*f. What is the units digit of f?
3
Suppose 4*a = 8, 4*g + 399 = -4*a + 1071. Suppose -3*f - v = 2*f - g, v - 30 = -f. What is the tens digit of f?
3
Let g(f) = -3*f**3 - 3*f**2 + 4 + 2*f**3 - 2 + 4*f + 0*f**3. What is the units digit of g(-4)?
2
Suppose 11 + 2 = t. Let s = t - 8. What is the units digit of s?
5
Let x be ((-86)/(-6))/(8/24). Suppose -3*f = 5*m - 45, 5*m = m - f + x. What is the tens digit of m?
1
Suppose -m = 6*m - 1064. What is the hundreds digit of m?
1
Suppose -5*j - 192 - 108 = 0. What is the units digit of j/9*-3 + -1?
9
Suppose 0 = v + v, 4 = r + v. Let z = r - 1. Suppose -j = z*j - 44. What is the units digit of j?
1
Let l(r) = r**3 - 2*r**2 + 1. Let t be l(1). Suppose -5*w + w + 4 = t. What is the units digit of (5 - 3 - -2)/w?
4
What is the units digit of (42/(-35))/((-6)/45)?
9
Suppose 0 = -2*a + 9 + 1. Let q(v) = -9*v - 13. Let g be q(-5). Suppose -a*m = 12 - g. What is the units digit of m?
4
Suppose 0 = -0*s - 2*s + 6. Let y = s - 3. Suppose y = 5*w - 8 - 17. What is the units digit of w?
5
Suppose 0 = -h + 2*h - 11. Suppose 5*j - 9 = h. What is the units digit of (-185)/(-25) + j/(-10)?
7
Suppose -2*h = -h + 5. Let s = h + 2. What is the units digit of 4 + s - (0 - 13)?
4
Let f(d) = -d**2 + 3*d + 3. Suppose x - 3 = -0*x. What is the units digit of f(x)?
3
Let u(l) = -5*l**3 - l**2 + 3*l**2 + 0*l - l - 4*l**2. What is the units digit of u(-1)?
4
Let v(f) = f**3 - f**2 + 4*f + 8. Let q(x) = x**3 + 4*x + 7. Let n(l) = -5*q(l) + 4*v(l). Let s be n(-2). What is the units digit of 12/8*(-2)/s?
1
Let z(w) = w**3 - w**2 - 4. Let y = 5 + -5. Let s be z(y). What is the units digit of (-6)/s*(-56)/(-12)?
7
Let a = 46 + -19. What is the tens digit of a?
2
Let h = -1 - 0. Let x be 1/((2/(-4))/h). Suppose -5*c - x*a + 19 = 0, 10*c - 10 = 5*c - 5*a. What is the units digit of c?
5
Suppose 3*u = 24 - 6. Suppose 5*j + u*q = q, -5*q - 10 = 0. What is the units digit of j?
2
Let i = 423 + -259. What is the tens digit of i?
6
Let q(t) be the first derivative of -1/2*t**2 - t - 1. What is the units digit of q(-4)?
3
Let k(w) be the first derivative of 2*w**3/3 - 3*w**2 - 3*w - 5. What is the units digit of k(-4)?
3
Let d(h) = -h**3 + 17*h**2 + h + 9. What is the tens digit of d(17)?
2
Suppose 2*f = -8, -2*f = 2*y + f + 8. Suppose u = -y*u. Suppose 3*j - n = j + 10, 3*j - 5*n - 22 = u. What is the units digit of j?
4
Suppose -4*x + 2 = -54. Let l be (-2 + x/6)*3. Suppose l + 19 = 4*h. What is the units digit of h?
5
What is the units digit of 22 - 3/9*3?
1
Let l(z) = 3*z + 5. Let o be l(-9). Let a = o - -13. What is the units digit of (a/(-2))/((-1)/(-2))?
9
Let i(f) = -2*f**3 - 4*f**2 - 4*f - 3. What is the units digit of i(-2)?
5
Let b(g) = 0*g - 6*g**2 + 5*g + 6 - 6*g + g**3 + 5*g. What is the units digit of b(6)?
0
Suppose -v - v + 20 = 0. What is the units digit of v?
0
Suppose -4*p = -5*p + 3. Let s = -24 - -35. Let n = s - p. What is the units digit of n?
8
Let v(d) = 55*d + 16. What is the hundreds digit of v(3)?
1
Suppose 0 = 5*l - 2*l - 18. Suppose 170 = -c + l*c. What is the units digit of c?
4
What is the tens digit of 5/((-25)/185)*-2?
7
Let f(a) = 4*a**2 - 3*a + 10. What is the tens digit of f(-6)?
7
Let i = -12 - -17. Suppose 3*k - 5*j = k + 39, 46 = 3*k - i*j. Let b(s) = -s**2 + 8*s. What is the units digit of b(k)?
7
Suppose -2*g - 33 = g + 3*t, 4*g + 49 = -5*t. Let j = 9 + g. What is the units digit of j?
3
Let j = 13 - 6. What is the units digit of 20*(-3 - j/(-2))?
0
Suppose 0 = -3*q + 251 + 28. Let f = q + -66. What is the units digit of f?
7
Suppose -2*l + 199 + 28 = 5*s, 3*s + 4*l = 139. What is the units digit of s?
5
Suppose 3*x = 3*n + 9, 0 = 4*x - x + 5*n - 9. Suppose 0*w + 2 = w. Suppose -6 = x*o, 3*o + w*o = 2*j - 54. What is the tens digit of j?
2
Let v(i) = 55*i**2 + i + 2. What is the tens digit of v(-1)?
5
Let r(d) = -4*d - 1. Suppose y + 4*b - 13 = 2*y, -2*y - 5 = -b. What is the units digit of r(y)?
3
Suppose -21 = 5*r - 106. What is the units digit of r?
7
Let o(l) = -l + 10. Let i be o(8). Let h be (-3)/(-3)*(5 - i). Suppose -b + 3*t + 16 = 0, -t - 9 = -h*b - b. What is the units digit of b?
1
Let c(l) = l**3 + 6*l**2 + 5*l + 5. Let i be c(-5). Let a be ((-4)/i)/(2/20). Let j = a + 22. What is the units digit of j?
4
Let x = 26 - 18. Let k be 12/(-3)*10/x. Let d = 3 - k. What is the units digit of d?
8
Suppose 5*z - 2*z = -5*o - 7, -4*z - 12 = 4*o. What is the units digit of o?
1
Let h be 0/((-2)/(-1)*-1). Suppose h*z + 47 = 5*f + 3*z, -4 = -z. What is the units digit of f?
7
Suppose 21 = 4*y + 1. Suppose -y*w + r + 50 + 32 = 0, -r + 20 = w. What is the units digit of w?
7
Let s = -6 + -10. Let a = s - -22. What is the units digit of a?
6
What is the tens digit of (-960)/(-45) - 1/3?
2
Let w = 238 + -12. What is the units digit of w?
6
Suppose -3*g - 9 = -0*g, -4*q - 5*g = 75. Let p = q + 34. Let a = p - 9. What is the units digit of a?
0
Let v(p) = 16*p - 1. What is the units digit of v(4)?
3
Let b = 14 - 25. Let z = b - -26. What is the tens digit of z?
1
Let m be (-6)/27 - (-364)/18. Let u = 37 - m. What is the tens digit of u?
1
Suppose -3 = o, 0*o + 18 = 3*x - 2*o. Suppose 0*d - 37 = -w + d, d = x*w - 139. What is the tens digit of w?
3
Let p(f) = -f**2 - 15*f - 16. Let k be p(-14). Let x(i) = i**3 + 7*i**2 + 7*i + 7. Let y be x(-6). What is the units digit of (-1)/(y/10*k)?
5
Suppose -4*p + 130 = -q, -2*p + 5*q = p - 89. What is the tens digit of p?
3
Let q be (-2)/(-2) - (3 + -11). What is the units digit of ((-8)/(-6))/(2/q)?
6
Let a = 270 + -389. Let f = -85 - a. Suppose h + 26 = 3*b - 0*h, f = 4*b - 2*h. What is the units digit of b?
9
Suppose 27*x - 37*x = -90. What is the units digit of x?
9
Let h be ((-2)/(-6))/(3/18). Suppose 3*y - 36 = -2*y - 4*s, -y = h*s - 6. What is the units digit of y?
8
Let c be 1 - (1 - -4) - -28. Suppose a - 2*r = -5, -6*a - r = -2*a + 56. Let u = a + c. What is the units digit of u?
1
Let z be 15344/176 - 2/11. Suppose 0*a = -3*a + z. What is the tens digit of a?
2
Let n be (1/1 - 2)*1. What is the units digit of (-3 - n) + (-3 - -6)?
1
Let m(k) = -k**2 + 7*k - 6. Let z be m(6). Suppose z = -j + 7 + 5. What is the units digit of ((-4)/j)/(2/(-24))?
4
Let g(w) = 4*w**2 - 20*w + 21. What is the tens digit of g(6)?
4
Let l = 546 - 290. What is the tens digit of l?
5
Let f = -12 - -17. What is the units digit of f?
5
Suppose -181 = -4*j + 5*m, 0 = -2*j + m + 4*m + 103. Suppose -j = -4*v + 21. What is the tens digit of v?
1
Let c(m) = m**2 + 3*m - 20. Let w(o) = -4*o**2 - 11*o + 81. Let l(f) = 22*c(f) + 6*w(f). What is the tens digit of l(0)?
4
Suppose -z = -5, -5*o + 4*z - 10 = -0*o. Suppose -o*g + 55 = 3*g. What is the units digit of g?
1
Suppose -6*i + i - 5 = 0, 3*p - 11 = 5*i. Suppose 3 = d - p. What is the units digit of d?
5
Let u(m) = -m + 1. Let g be u(1). Suppose g*i = -3*i + 24. Suppose -b + i = 2*z - 2, -z - 4*b = -12. What is the units digit of z?
4
Let g = 3 + -44. Let n = g + 73. What is the units digit of n?
2
Let p = -1 - -6. Suppose -4*t + 0*t = -16. Suppose 4*v + t*l - 4 + 0 = 0, -p*v + 12 = -2*l. What is the units digit of v?
2
Suppose 5*n = 6*n - 34. What is the tens digit of n?
3
Suppose 0 = 3*y + 10 - 1. Let g = 1 - y. What is the units digit of g?
4
Suppose -2*w = -3*w + 4*h + 20, -4*w = h - 12. Suppose -2*q +